34?
9d
In base 2, what is 101 + -101?
0
In base 16, what is 3b4 - 1?
3b3
In base 7, what is -3 - 100?
-103
In base 10, what is -18617 - 3?
-18620
In base 9, what is -1 + -2155?
-2156
In base 16, what is -4 - -1?
-3
In base 13, what is -2 + 271?
26c
In base 9, what is 353 - 17?
335
In base 9, what is -2 + 52?
50
In base 14, what is -1 + -10?
-11
In base 7, what is -353 - -2?
-351
In base 3, what is -12201202 - 1?
-12201210
In base 2, what is -1010 + 10011?
1001
In base 3, what is 1020200 + 12?
1020212
In base 8, what is 55 - 12?
43
In base 14, what is 1 - -67?
68
In base 15, what is 3 - 26c?
-269
In base 3, what is -112 - -110000?
102111
In base 12, what is 42 + -5b?
-19
In base 7, what is 4 - -1246?
1253
In base 9, what is -1025 + -1?
-1026
In base 5, what is 201420 - 2?
201413
In base 10, what is 115 + -22?
93
In base 12, what is 191a - -3?
1921
In base 10, what is 6795 - 3?
6792
In base 5, what is 21202 - 10?
21142
In base 3, what is 100 - -1011?
1111
In base 16, what is -1a - -7?
-13
In base 4, what is -22 + -222?
-310
In base 13, what is 565 - -7?
56c
In base 4, what is -21 + 13233?
13212
In base 7, what is 152 - 5?
144
In base 5, what is 0 + -224?
-224
In base 9, what is 0 - -650?
650
In base 16, what is -1d - -1?
-1c
In base 5, what is -32 - 10130?
-10212
In base 6, what is 10 + 124?
134
In base 10, what is -27 - -1?
-26
In base 10, what is 2052 - -5?
2057
In base 3, what is 20110 + 2?
20112
In base 4, what is -10 - -30?
20
In base 9, what is 101 + 2?
103
In base 7, what is -426 - 2?
-431
In base 11, what is 0 + -87?
-87
In base 5, what is 3 - -240?
243
In base 8, what is -5 + 2041?
2034
In base 11, what is 0 + -48?
-48
In base 9, what is -8 + -6?
-15
In base 2, what is -1100110100 - -1101?
-1100100111
In base 5, what is 4 + 2144?
2203
In base 5, what is -24 - 11?
-40
In base 8, what is 51 - 7?
42
In base 12, what is -a - 43b?
-449
In base 6, what is 2251 - 4?
2243
In base 8, what is -52 - 131?
-203
In base 11, what is -1a12 + 5?
-1a08
In base 15, what is 7a2 + -1?
7a1
In base 2, what is 10100101010 + -11?
10100100111
In base 12, what is 129 - 6?
123
In base 11, what is -6 - 2?
-8
In base 9, what is 6173 - -1?
6174
In base 15, what is 163 - 3?
160
In base 2, what is 110000101 + 100?
110001001
In base 2, what is 0 - -100011?
100011
In base 5, what is -1 + 240?
234
In base 4, what is 1 + 100?
101
In base 6, what is -31 + 0?
-31
In base 9, what is 2636 + 5?
2642
In base 10, what is 59 - 5?
54
In base 10, what is 0 + -587?
-587
In base 4, what is 20 - 202?
-122
In base 7, what is -153 - 0?
-153
In base 6, what is -4 + -5223?
-5231
In base 7, what is -3400 - 1?
-3401
In base 5, what is 4 - 4240?
-4231
In base 5, what is 430 - 4?
421
In base 2, what is 1011010101001 - 100?
1011010100101
In base 13, what is 19c + 5?
1a4
In base 13, what is -8 + -12a?
-135
In base 8, what is 143 - -3?
146
In base 16, what is 0 - b?
-b
In base 14, what is -b - 307?
-314
In base 13, what is -1 - b04?
-b05
In base 12, what is 4 - 38?
-34
In base 12, what is -106a + -3?
-1071
In base 4, what is 11 + -203?
-132
In base 14, what is 3 + 25a?
25d
In base 2, what is -11 - 1?
-100
In base 3, what is -200012 - 1?
-200020
In base 4, what is 0 + 30?
30
In base 7, what is -53 + -5?
-61
In base 3, what is -2011101100 - -11?
-2011101012
In base 9, what is -12434 + -4?
-12438
In base 2, what is 10 - -1000001011?
1000001101
In base 8, what is -5 - 60?
-65
In base 11, what is 6 - -11a?
125
In base 8, what is -3 - 3522?
-3525
In base 14, what is 2 - -3c?
40
In base 16, what is 0 - 0?
0
In base 13, what is 16 + -153?
-13a
In base 6, what is -121 - 0?
-121
In base 12, what is 133 - 14?
11b
In base 10, what is -4 + 15?
11
In base 15, what is 2e9 - 11?
2d8
In base 11, what is 2824 - -2?
2826
In base 10, what is -272 - -50?
-222
In base 10, what is 3 - 235?
-232
In base 9, what is -2 + 387?
385
In base 2, what is -100001110 - -101?
-100001001
In base 5, what is 1 + 2303?
2304
In base 9, what is -16 - 25?
-42
In base 8, what is -5 + 2435?
2430
In base 15, what is -16 - 0?
-16
In base 10, what is 40 + -1?
39
In base 3, what is 11 - -2210111?
2210122
In base 6, what is 11 + -555?
-544
In base 15, what is -4 + 1c3?
1be
In base 6, what is -2012 - -3?
-2005
In base 15, what is -15 + c?
-8
In base 16, what is -13 + 5?
-e
In base 13, what is 8c - 5?
87
In base 12, what is 3 - 200?
-1b9
In base 11, what is 5 + -50?
-46
In base 6, what is -32 + 20?
-12
In base 5, what is 2324 - 44?
2230
In base 4, what is -2111 + 2?
-2103
In base 9, what is -14 + -82?
-106
In base 7, what is -1351 + -2?
-1353
In base 2, what is -10001 - -1?
-10000
In base 8, what is 167 + -2?
165
In base 2, what is 1001100110 - 1?
1001100101
In base 15, what is -2 + 235?
233
In base 7, what is -24444 - 3?
-24450
In base 3, what is -21201 + 10?
-21121
In base 7, what is 15 - -2?
20
In base 6, what is 2543 + -4?
2535
In base 8, what is -27 - -145?
116
In base 8, what is -255 - 14?
-271
In base 2, what is -101 + -1100111?
-1101100
In base 4, what is -20 + 3?
-11
In base 3, what is -110121 + -20?
-110211
In base 16, what is 19a - 5?
195
In base 4, what is -121 - -233?
112
In base 16, what is 0 + -e?
-e
In base 6, what is -40215 - 4?
-40223
In base 9, what is -4438 - -11?
-4427
In base 10, what is 1011 + 9?
1020
In base 6, what is 4 + 143?
151
In base 12, what is 0 + -134?
-134
In base 9, what is -1 + -437?
-438
In base 12, what is 3 - -4193?
4196
In base 16, what is -289 + -4?
-28d
In base 16, what is 278 + -6?
272
In base 3, what is -212 - -21?
-121
In base 2, what is 1001010100101101 - -101?
1001010100110010
In base 5, what is 4 + -430?
-421
In base 15, what is -6 + 24?
1d
In base 5, what is 4 - -1234?
1243
In base 11, what is 1906 - 2?
1904
In base 15, what is -6 + 10?
9
In base 4, what is 110 - 330?
-220
In base 15, what is -2 + -14a?
-14c
In base 6, what is 4130 + 20?
4150
In base 12, what is 3 - 31b?
-318
In base 8, what is 4003 + -3?
4000
In base 12, what is -1 - -21?
20
In base 4, what is 2123 - 20?
2103
In base 2, what is -101 + 10100?
1111
In base 5, what is -14 + 1131?
1112
In base 10, what is 0 - -930?
930
In base 5, what is -214 + -30?
-244
In base 2, what is -11 + 10101010100?
10101010001
In base 8, what is -3255 - 14?
-3271
In base 13, what is -29a7 + 2?
-29a5
In base 16, what is 5 + 34b?
350
In base 2, what is -100010 + -1?
-100011
In base 10, what is 957 - 5?
952
In base 9, what is -172 + -42?
-224
In base 3, what is 12 - -22?
111
In base 16, what is 2b - 5?
26
In base 5, what is 0 + 10202?
10202
In base 9, what is 6130 + 0?
6130
In base 6, what is 2 - -250?
252
In base 16, what is a + 10f?
119
In base 12, what is -2 - -166?
164
In base 6, what is 2123 + 1?
2124
In base 7, what is 0 - 150?
-150
In base 7, what is 6 - 51?
-42
In base 6, what is 3245 - -3?
3252
In base 5, what is -10 + -304?
-314
In base 4, what is -1211 + -20?
-1231
In base 14, what is -20 + 2?
-1c
In base 9, what is 533 - -17?
551
In base 14, what is -5a + 22?
-38
In base 5, what is -4003 + 10?
-3443
In base 5, what is -3 - -4004?
4001
In base 2, what is -11 + 100110011000?
100110010101
In base 9, what is 68 - -2?
71
In base 6, what is 10 - -120?
130
In base 16, what is -13 - 4?
-17
In base 15, what is 35b0 + -3?
35ac
In base 16, what is 2e - -46?
74
In base 7, what is -4 - 20?
-24
In base 10, what is 928 - -5?
933
In base 15, what is 5b - 1?
5a
In base 12, what is -183a7 + -3?
-183aa
In base 14, what is 156 + 2?
158
In base 11, what is -2 - -44?
42
In base 7, what is 552 - 21?
531
In base 6, what is -4 + 0?
-4
In base 15, what is -65 - ed?
-163
In base 11, what is -95 - 5?
-9a
In base 2, what is -100100101101 + -10?
-100100101111
In base 9, what is 2 - -40?
42
In base 15, what is 3 + 5?
8
In base 15, what is -2 + -3?
-5
In base 5, what is -2 + -43?
-100
In base 11, what is -10 + -2?
-12
In base 5, what is 1223 - -42?
1320
In base 13, what is -1 + -4cc?
-500
In base 16, what is -97 - 0?
-97
In base 6, what is 452 - -31?
523
In base 7, what is -2 + -205?
-210
In base 15, what is -4 + -69?
-6d
In base 3, what is 22 + 1210?
2002
In base 9, what is 36 + 0?
36
In base 7, what is -150 - 2?
-152
In base 6, what is 1 - -113?
114
In base 8, what is -4 + -61?
-65
In base 8, what is 3 - -120?
123
In base 10, what is -7 + -4510?
-4517
In base 6, what is -40